{"id":104,"date":"2026-01-07T14:10:24","date_gmt":"2026-01-07T14:10:24","guid":{"rendered":"https:\/\/peruvianexotics.com.pe\/?page_id=104"},"modified":"2026-01-21T11:09:31","modified_gmt":"2026-01-21T11:09:31","slug":"sobre-nosotros","status":"publish","type":"page","link":"https:\/\/peruvianexotics.com.pe\/?page_id=104","title":{"rendered":"Sobre Nosotros"},"content":{"rendered":"\n<div class=\"wp-block-cover alignfull has-parallax\" style=\"min-height:947px;aspect-ratio:unset;\"><div class=\"wp-block-cover__image-background wp-image-128 size-full has-parallax\" style=\"background-position:50% 50%;background-image:url(https:\/\/peruvianexotics.com.pe\/wp-content\/uploads\/2026\/01\/cosecha-calabaza_La-calicha5.jpeg)\"><\/div><span aria-hidden=\"true\" class=\"wp-block-cover__background has-background-dim\" style=\"background-color:#777773\"><\/span><div class=\"wp-block-cover__inner-container is-layout-flow wp-block-cover-is-layout-flow\">\n<p class=\"has-white-color has-text-color\" style=\"font-size:clamp(37.821px, 2.364rem + ((1vw - 3.2px) * 2.848), 70px);font-style:normal;font-weight:900\"><strong>Calidad<\/strong><br><strong>trazabilidad <\/strong><br><strong>y compromiso en cada cosecha<\/strong><\/p>\n<\/div><\/div>\n\n\n\n<div style=\"height:100px\" aria-hidden=\"true\" class=\"wp-block-spacer\"><\/div>\n\n\n\n<div class=\"wp-block-group is-content-justification-center is-nowrap is-layout-flex wp-container-core-group-is-layout-23441af8 wp-block-group-is-layout-flex\">\n<blockquote class=\"wp-block-quote has-text-align-center is-layout-flow wp-block-quote-is-layout-flow\">\n<p class=\"has-text-align-center\">Somos una empresa agro exportadora peruana dedicada a producir cebollas dulces y calabazas de la m\u00e1s alta calidad.<br>Desde 2012, iniciamos con un proyecto piloto en Ica, y hoy, gracias al desarrollo de nuestras propias semillas<br>y la mejora continua, abastecemos a mercados exigentes en Estados Unidos, Europa y Canad\u00e1.<br>Con nuestros Fundos Palacios y Calicha (Pisco), seguimos creciendo con una visi\u00f3n clara: <br>producir con responsabilidad y exportar un producto \u00fanico con calidad premium.<\/p>\n<\/blockquote>\n<\/div>\n\n\n\n<div style=\"height:46px\" aria-hidden=\"true\" class=\"wp-block-spacer\"><\/div>\n\n\n\n<div class=\"wp-block-columns are-vertically-aligned-center has-lightgrey-background-color has-background is-layout-flex wp-container-core-columns-is-layout-28f84493 wp-block-columns-is-layout-flex\">\n<div class=\"wp-block-column is-vertically-aligned-center is-layout-flow wp-block-column-is-layout-flow\">\n<p class=\"has-text-align-right has-black-color has-text-color has-medium-font-size\"><\/p>\n\n\n\n<p class=\"has-text-align-right has-text-color\" style=\"color:#045b27\">Per\u00fa ofrece ventajas \u00fanicas para la <br>producci\u00f3n de calabaza y cebolla.<br>Con microclimas diversos, valles f\u00e9rtiles y sol durante todo el a\u00f1o,<br>nuestros campos proporcionan el entorno perfecto para <br>productos con una dulzura excelente, textura firme y sabor intenso.<br>Gracias a nuestra ubicaci\u00f3n geogr\u00e1fica, podemos abastecer a los compradores durante los periodos de carencia estacional, garantizando la frescura y la disponibilidad cuando otros or\u00edgenes no pueden hacerlo.<\/p>\n<\/div>\n\n\n\n<div class=\"wp-block-column is-vertically-aligned-center is-layout-flow wp-block-column-is-layout-flow\">\n<figure class=\"wp-block-image size-full is-resized\"><img loading=\"lazy\" decoding=\"async\" width=\"2040\" height=\"2132\" src=\"https:\/\/peruvianexotics.com.pe\/wp-content\/uploads\/2026\/01\/Captura-de-pantalla-2026-01-09-a-las-12.02.png\" alt=\"\" class=\"wp-image-137\" style=\"aspect-ratio:0.9568560444254592;width:375px;height:auto\" srcset=\"https:\/\/peruvianexotics.com.pe\/wp-content\/uploads\/2026\/01\/Captura-de-pantalla-2026-01-09-a-las-12.02.png 2040w, https:\/\/peruvianexotics.com.pe\/wp-content\/uploads\/2026\/01\/Captura-de-pantalla-2026-01-09-a-las-12.02-287x300.png 287w, https:\/\/peruvianexotics.com.pe\/wp-content\/uploads\/2026\/01\/Captura-de-pantalla-2026-01-09-a-las-12.02-980x1024.png 980w, https:\/\/peruvianexotics.com.pe\/wp-content\/uploads\/2026\/01\/Captura-de-pantalla-2026-01-09-a-las-12.02-2000x2090.png 2000w\" sizes=\"auto, (max-width: 2040px) 100vw, 2040px\" \/><\/figure>\n<\/div>\n<\/div>\n\n\n\n<p><\/p>\n","protected":false},"excerpt":{"rendered":"<p>Somos una empresa agro exportadora peruana dedicada a producir cebollas dulces y calabazas de la m\u00e1s alta calidad.Desde 2012, iniciamos con un proyecto piloto en Ica, y hoy, gracias al desarrollo de nuestras propias semillasy la mejora continua, abastecemos a mercados exigentes en Estados Unidos, Europa y Canad\u00e1.Con nuestros Fundos Palacios y Calicha (Pisco), seguimos &hellip; <\/p>\n<p class=\"link-more\"><a href=\"https:\/\/peruvianexotics.com.pe\/?page_id=104\" class=\"more-link\">Leer m\u00e1s<span class=\"screen-reader-text\"> \u00abSobre Nosotros\u00bb<\/span><\/a><\/p>\n","protected":false},"author":1,"featured_media":0,"parent":0,"menu_order":0,"comment_status":"closed","ping_status":"closed","template":"page-templates\/full-width-no-title.php","meta":{"_inspiro_hide_title":false,"footnotes":""},"class_list":["post-104","page","type-page","status-publish","hentry"],"_links":{"self":[{"href":"https:\/\/peruvianexotics.com.pe\/index.php?rest_route=\/wp\/v2\/pages\/104","targetHints":{"allow":["GET"]}}],"collection":[{"href":"https:\/\/peruvianexotics.com.pe\/index.php?rest_route=\/wp\/v2\/pages"}],"about":[{"href":"https:\/\/peruvianexotics.com.pe\/index.php?rest_route=\/wp\/v2\/types\/page"}],"author":[{"embeddable":true,"href":"https:\/\/peruvianexotics.com.pe\/index.php?rest_route=\/wp\/v2\/users\/1"}],"replies":[{"embeddable":true,"href":"https:\/\/peruvianexotics.com.pe\/index.php?rest_route=%2Fwp%2Fv2%2Fcomments&post=104"}],"version-history":[{"count":19,"href":"https:\/\/peruvianexotics.com.pe\/index.php?rest_route=\/wp\/v2\/pages\/104\/revisions"}],"predecessor-version":[{"id":214,"href":"https:\/\/peruvianexotics.com.pe\/index.php?rest_route=\/wp\/v2\/pages\/104\/revisions\/214"}],"wp:attachment":[{"href":"https:\/\/peruvianexotics.com.pe\/index.php?rest_route=%2Fwp%2Fv2%2Fmedia&parent=104"}],"curies":[{"name":"wp","href":"https:\/\/api.w.org\/{rel}","templated":true}]}}